w) = -8*w**2 + w + 1. Let v(x) = -6*d(x) - 7*y(x). Give v(-7).
1
Let p(l) = 56*l + 14. Let a(m) = 47*m + 13. Let w(s) = 6*a(s) - 5*p(s). What is w(-2)?
4
Let p be (-9)/(1*(-6)/(-4)). Let o(f) = -5*f - 4*f - 2*f**2 + 3*f - 2 - 3*f. What is o(p)?
-20
Suppose -3*r = -4*h + 1, 3*r + 4*h - 12 = 19. Let o(k) = -7*k - 16. Let t(u) = -2*u - 6 + 5*u + 14. Let c(g) = r*t(g) + 2*o(g). What is c(0)?
8
Let r(u) = -u**3 - 4*u**2 + 8*u + 19. Let y be r(-5). Let a(w) = w**3 - 4*w**2 + w - 1. Determine a(y).
3
Let t(u) = 6 + u - 1 + 0. Suppose -129*p = -111*p + 144. Determine t(p).
-3
Let o(r) be the first derivative of -17*r**2/2 - 2*r - 386. Give o(-2).
32
Suppose -2*f = -u - 6, 0 = 73*f - 69*f - 3*u - 10. Let g(y) = -y**3 + 4*y**2 + 4. What is g(f)?
4
Let k(n) = -n. Suppose c - 1 = 2. Let x(q) = q**3 - 5*q**2 - 1. Let d(z) = c*k(z) - x(z). Calculate d(4).
5
Let z(q) = 10*q**3 - q**2 + q + 1. Let f be z(-1). Let d = 18 + f. Let m(t) = t**2 - 4*t - 3. What is m(d)?
18
Let s = -376 + 374. Let t(n) be the third derivative of -n**5/20 - n**4/6 - n**3/3 - n**2. What is t(s)?
-6
Let i(o) = -1. Let m(n) = n**3 - 6*n**2 + 3*n + 11. Let c(b) = 6*i(b) + m(b). Suppose 2*s - 4 = 12. Let u be (s - 6)*(-5)/(-2). Determine c(u).
-5
Let v(m) = -5*m**2 + 2*m - 1. Let w(y) = 4*y**2 - 3*y + 1. Let g(r) = -3*v(r) - 4*w(r). Let d = -13 + 18. What is g(d)?
4
Suppose 6 + 14 = 10*z. Suppose 3*y = -2*n - 17, 3*n = 4*n + z*y + 11. Let j(o) = -12*o. Calculate j(n).
12
Let f(i) = -i**3 - 2*i - 3 - 8*i**2 - 1 - i - 3. What is f(-7)?
-35
Let r(f) = 5*f**2 - 1 - 2 - 2*f - 3*f - 6*f**2 + 1. Suppose 2*h - 6 = 3*h. Give r(h).
-8
Let f be 8/(2 + 1 + -1). Let x(o) = 4*o - 2*o - f - o - 4*o. What is x(-4)?
8
Let c(q) = q**2 - 4*q - 5. Let i(f) = f**2 + 1. Let l be i(-2). Suppose 3*z + 2*z + 5 = 0, 14 = 3*u - l*z. Suppose 0 = u*h + 2*h - 20. Give c(h).
-5
Let o(g) be the third derivative of -g**4/12 - 2*g**2 - 281. Suppose 4*w + 3 = -1. What is o(w)?
2
Let j = 4 - 3. Let a(b) = 2*b**2 - 6*b. Let c be a(4). Let i(v) = 1 + 0 - 3 + 3 + c*v**3 - 2*v**2. Determine i(j).
7
Suppose 3*o - 2 + 8 = 0. Let g be (-13 - -11)/(o/7). Let l(b) = g + 6*b - 6*b - 2 - b**3 - b. What is l(0)?
5
Let y(r) be the first derivative of r**2 + 2*r - 30. Let b = 26 + -17. Suppose 4 = -5*i - 2*c, 2*i + b = 5*c - 10. Give y(i).
-2
Let k(n) = -n**3 - 7*n**2 + 3*n + 12. Let g be k(-7). Let l(d) = -2*d**2 - 16*d + 13. Let f be l(g). Let m(z) = z + 5. Calculate m(f).
0
Let q(i) be the first derivative of 6*i - 17 + 3/2*i**2. Give q(-5).
-9
Let q = 46 - 52. Let c(g) be the first derivative of -g**3/3 - 7*g**2/2 + 4*g - 9. Calculate c(q).
10
Let q(m) = -18*m - 99. Let f(b) = 4*b + 24. Let t(o) = -21*f(o) - 5*q(o). Calculate t(6).
27
Suppose 0 = 3*r - 4*y + 11, 2*y - 3*y = -5. Let x(u) = -5*u - 6 + 0 + u + r*u. Give x(-6).
0
Let y(z) be the third derivative of z**2 + 1/120*z**6 + 0 - 1/10*z**5 - z**3 + 0*z**4 + 0*z. Calculate y(6).
-6
Let y = 1 + 2. Let l(f) = -y + 1 - f + 3. Let i(b) = 7*b**3 + 5*b - 6. Let v be i(1). Calculate l(v).
-5
Let z(w) = -w**2 - 3 - 7*w - 10*w**2 + 4*w**2 + 0*w**2 - w**3. Let g(j) = j**2 - 9*j + 1. Let l be g(9). Suppose f = l - 7. What is z(f)?
3
Let c(z) = z + 3. Let s be c(-4). Let q(i) be the first derivative of i**5/20 + i**3/6 - 3*i**2 + 5. Let w(j) be the second derivative of q(j). Determine w(s).
4
Let m(r) be the second derivative of -r**4/12 - r**3 + 5*r**2/2 + 2*r + 5. Suppose -3*f = -6*f - 15. Give m(f).
10
Let w(i) = -3*i + 3. Let d be (2/(-3))/(-2) - (-3)/(-9). Let a = 2 - d. Calculate w(a).
-3
Let c(a) = a**2 - 2*a - 8. Let r be c(4). Suppose r*d - 2*d = -2. Let x(b) = -2 + 3 + 0*b - b. Give x(d).
0
Let i = 1254 - 1277. Let q(v) = v**2 + 24*v + 21. Calculate q(i).
-2
Let x(z) = 0*z**2 + 2*z**2 - 21 + 4*z + 22. Let n = 25 + -28. Determine x(n).
7
Let k(r) be the second derivative of -r**5/20 - 5*r**4/4 - 7*r**3/3 + r**2/2 - 920*r. Determine k(-14).
1
Let y be (-1)/(-4) + (-27)/(-4). Let g(z) = -4*z + 8. Let b(i) = -7*i + 15. Let v(t) = 3*b(t) - 5*g(t). Give v(y).
-2
Let x(g) = 4*g - 21. Let p = -929 - -933. Give x(p).
-5
Let y(p) = 14*p - 19*p + 15*p + 6*p. What is y(-2)?
-32
Let i be 9/12 + -1 + 102/24. Let d(m) be the second derivative of 5/2*m**2 + 1/2*m**3 - 1/12*m**4 + 0 + m. What is d(i)?
1
Let c be 0*(-1 + 4/2). Suppose c = -2*k + 3*f + 7, 2*k + 7 = -k + f. Let x(s) = s + 1. Determine x(k).
-3
Let c(m) = m**3 + 19*m**2 + 93*m + 25. Let v be c(-9). Let i(x) = -1. Let w(b) = -2*b**2 + b - 3. Let p(d) = -3*i(d) + w(d). Calculate p(v).
-10
Let d(x) = x**3 - 3*x**2 + 1. Let p(i) = -i**2 - 7*i + 11. Let l be p(-8). Suppose 5*a + 2*z - 10 = 0, -l*a + 20 = -z + 3. Give d(a).
17
Let v(k) be the second derivative of k**3/6 - k**2/2 + 57*k. What is v(7)?
6
Let w(b) = -b**3 - 9*b**2 - 14*b + 6. Let f be w(-7). Suppose u = 5 - f. Let d(g) = 4*g + 1. Give d(u).
-3
Let l = 3 + 0. Suppose 9 = l*i - 12. Let u = i + -1. Let a(g) = g - 3. Determine a(u).
3
Let d be 2/(-6) + ((-580)/(-15))/(-4). Let v(x) = x**3 + 9*x**2 - 9*x + 5. Calculate v(d).
-5
Let r be -10*(2 - (-14)/(-5)). Let x(g) = 10 - r + 2*g + 0*g. Let l = 33 - 38. Determine x(l).
-8
Let z(k) = -15*k**3 + 3 + 3*k - 1 - 6 + 12*k**3 + 2*k**3 - 9*k**2. Determine z(-9).
-31
Let j(o) = -176*o**2 + 4*o + 97*o**2 - 1 + 9 + 78*o**2. Calculate j(6).
-4
Let r(q) = -q**3 + 7*q**2 - 5*q - 4. Suppose -9 = 2*t + 113. Let o = t - -67. Determine r(o).
2
Let h be 1*-14*(-4)/(-8). Let d(t) = -4*t - 8. Give d(h).
20
Suppose -3*l = 2*r - 7*r - 2, 0 = -5*r + 4*l - 6. Let d(x) = -r*x - 2*x + 0*x - 2*x**3 - 4*x**2 - 2. Suppose a + 4*a - 5*q + 5 = 0, 4*a = 3*q - 5. Give d(a).
6
Let o(f) be the first derivative of f**3/3 - f**2/2 - 10*f - 17. Give o(7).
32
Let j(k) = -k**3 + 3*k**2 + 6*k - 4. Let x(b) = 6 + 2*b**3 - 11*b + 72*b**2 + 1 - 77*b**2. Let p = -4 - -10. Let w(a) = p*x(a) + 11*j(a). Calculate w(-3).
-2
Let a(m) be the first derivative of m**6/120 - m**4/24 - 4*m**3/3 - 17. Let q(w) be the third derivative of a(w). What is q(2)?
11
Let x(w) be the third derivative of 1/120*w**6 + 0 - 1/12*w**4 + 0*w - 4/3*w**3 - 1/12*w**5 + 26*w**2. Determine x(6).
16
Let g(x) = x**2 + 8*x. Let c(p) = -2*p**2 - 17*p - 1. Let i(t) = -2*c(t) - 5*g(t). Let r = -4 - -3. Let k be 5/r*(-12)/(-10). Determine i(k).
2
Let c(m) = -12*m - 21. Let h(j) = 5*j + 10. Let b(f) = 3*c(f) + 7*h(f). Determine b(8).
-1
Suppose 17 = 10*s - 3. Let c(b) = -b. Determine c(s).
-2
Let k(f) = 0 - 3*f**2 + 2*f**2 + 0 + 7*f. Suppose 0 = 18*j - 9*j - 45. Determine k(j).
10
Let z(q) = q**3 - 11*q**2 - 170 - 194 + 379 - q. Calculate z(11).
4
Let o(s) = -2*s - 6. Let h(i) = -7*i**2 + 2. Let n be h(-1). Determine o(n).
4
Let f(m) be the second derivative of -9*m + 0*m**4 + 0 - 1/2*m**2 - 1/20*m**5 + 0*m**3. Determine f(1).
-2
Let l(x) = x**3 - 3*x**2 + 2*x + 2. Let a be l(2). Let k(u) = u**2 + 103*u - 104*u + 2 - 2*u**2. Calculate k(a).
-4
Let c(f) = -3*f - 18. Let s be (6 + -7)/(-1 + (-20)/(-18)). Determine c(s).
9
Let l be -2 + 5/((-15)/33). Let o(r) = 2*r**2 + 24*r - 20. Let u be o(l). Let g(p) = p - 1. What is g(u)?
5
Let l = 147 + -147. Let h(w) = -11*w**2 + 0 + 7*w**2 + 2 - w + 3*w**2. Determine h(l).
2
Let z = 229 + -235. Let y(b) = -b**3 - 5*b**2 - b - 6. What is y(z)?
36
Suppose m - 3*c + 14 = -0*c, -2*m + 3*c = 13. Let i(n) = -4 + m + 4*n - 5*n - 3*n - n**2. Determine i(-2).
1
Let u be (-1)/(-7) - (-108)/28*1. Let d(g) = -g**3 + 4*g**2 + 2*g - 6. Determine d(u).
2
Let u(y) be the second derivative of 1/20*y**5 + y**2 + 1/2*y**3 + 5/12*y**4 + 0 + 6*y. Calculate u(-4).
6
Let f(j) = j**2 - 5*j + 5. Let l be f(5). Suppose -25 = -l*q - 0*q. Let m(z) = -4*z + 5. Determine m(q).
-15
Let x(j) = 9823 + j**2 - 19639 + 9817 + j. Let g(k) = -k**2 - 2*k - 3. Let t be g(-2). Give x(t).
7
Let v(d) = d**3 + 20*d**2 + 21*d + 35. Let k be v(-19). Let j(z) = 3*z**2 - z**3 + 2*z + 98 - 2*z**2 - 5*z**2 - 94. Calculate j(k).
-11
Let s = 601 + -595. Let b(r) = -4*r + 11. Calculate b(s).
-13
Let b be (-2)/4*(-18 - -12). Let j = b + -1. Let m(d) = 3*d**j - 7 - 4*d**2 + 2*d**2 + 0*d**2. Calculate m(0).
-7
Let t = 118 + -110. Let s(k) = k**2 - 7*k - 2. Calculate s(t).
6
Let r(c) = 2*c**3 - 4*c. Suppose -4*n + 2*m = -8, -113*m + 118*m - 7 = n. Calculate r(n).
42
Let u(v) = 2*v**2 + v + 4. Let f(k) = 3*k**2 - 1 - k**2 + 2*